103*15/(-4).
2, 193
Let b(v) = -10 - 6*v - v + v**2 + v. Let l be b(10). Suppose -g = g - l. List the prime factors of g.
3, 5
Let l = 374 + -229. What are the prime factors of l?
5, 29
Let p(q) = -21*q. Let y(g) = 22*g + 1. Let m(s) = -3*p(s) - 2*y(s). Let r be m(-1). Let z = -10 - r. What are the prime factors of z?
11
Let d = 15 + -12. Suppose -3*i + d = -2*i. Suppose 0*p + 51 = i*p. What are the prime factors of p?
17
Let u(y) = -y**2 + 0*y**2 + 17 - 19 + 4*y. What are the prime factors of u(2)?
2
Let d(i) = 72*i + 95. List the prime factors of d(9).
743
Let v = 2381 + -1713. List the prime factors of v.
2, 167
Let g(f) be the first derivative of -f**4/4 + 2*f**3/3 - 8*f + 9. List the prime factors of g(-3).
37
Suppose -3*z = 2*n - 434, -300 = -2*n + z + 134. What are the prime factors of n?
7, 31
Let p = 1594 + -1255. What are the prime factors of p?
3, 113
Suppose -105 = -3*r + 4*k, -r + 7*k - 3*k = -27. Let w = 112 + r. List the prime factors of w.
151
Let r = -23 + 66. Suppose 0 = -5*c + 237 + r. What are the prime factors of c?
2, 7
Suppose -3*d + 5*u = -58, d + 26 = 2*d - 5*u. Let c(s) = -s**3 + 18*s**2 - 24*s + 16. What are the prime factors of c(d)?
2, 3
Let g = 75 + 2. Let q = g + 160. What are the prime factors of q?
3, 79
Let k(n) = 49*n**2 - n. Let b be k(1). Let q be (-2 - -2*2)/((-6)/(-210)). Let f = q - b. List the prime factors of f.
2, 11
Suppose u + 12 = 3*u. Suppose 0*h = u*h - 18. Suppose -46 = -h*g + 2*a, 3*g = -4*a + 13 + 21. List the prime factors of g.
2, 7
Let o(v) = v**2 + 3*v - 2. Let w be o(-6). Suppose g - w - 1 = 0. List the prime factors of g.
17
Let v(o) = 3*o**3 + o**2 + 9*o - 4. Let w be ((-11)/(-33))/((-2)/(-18)). List the prime factors of v(w).
113
Let f = -104 + 107. Suppose -4*o = -0*o + 20. List the prime factors of f/3*(26 + o).
3, 7
Let c be (-5)/(-2*1/14). Let f = c - 30. Let j = 28 - f. List the prime factors of j.
23
List the prime factors of (-6 + (-1868)/(-6))/(20/45).
3, 229
Let a = -1741 - -2881. What are the prime factors of a?
2, 3, 5, 19
Suppose -1089 = -4*a + 1695. What are the prime factors of a?
2, 3, 29
Let u(g) = g**2 - 18*g - 10. Let z be u(17). Let f = 41 + z. List the prime factors of f.
2, 7
Suppose 6*q - 17 = -v + 3*q, -3*v - 5*q = -35. Suppose -202 = -v*z + 3*x + 103, -3*z = -3*x - 189. What are the prime factors of z?
2, 29
Let f(o) = -117*o + 16. List the prime factors of f(-4).
2, 11
Suppose 0 = -z + 10 + 744. What are the prime factors of z?
2, 13, 29
Suppose 2*m - 4*m - 3*s + 2 = 0, -3*m + 5*s + 22 = 0. What are the prime factors of 18/3*14/m?
3, 7
What are the prime factors of 38*((5 - (-1495)/10) + 0)?
3, 19, 103
Suppose w - 5060 - 3266 = -5*q, -2*q = -4*w - 3348. List the prime factors of q.
2, 7, 17
Let r(t) = t**3 - 4*t**2 + 6*t + 2. Suppose -6*h + h + 15 = 0. What are the prime factors of r(h)?
11
Let u = 4507 + -2419. List the prime factors of u.
2, 3, 29
Let q(u) = 12*u**2 - 2*u - 8. Let d be q(-4). What are the prime factors of (d/10)/((-27)/(-90))?
2
Let c = 1035 - 459. Suppose 3*n = -3*s + c, -389 = -3*n + n - s. List the prime factors of n.
197
Let n(w) = -2*w. Let z be n(4). Let p = -4 + z. Let t = p + 34. List the prime factors of t.
2, 11
Let a(b) = b**3 - 8*b**2 + 6*b + 10. Let t be a(7). Let m be 0 - -27 - 6/t. Let j = 61 - m. What are the prime factors of j?
2, 3
List the prime factors of (207 - -1) + 8 + (-63)/7.
3, 23
Suppose -7*j + 12 = -4*j. Suppose -4*q - q = 4*s - 2, -20 = -j*s + 4*q. What are the prime factors of 30/3 - (-5 + s)?
2, 3
Let y be 3/12 - (-1)/(-4). Let m(w) = 2*w + 3. Let a be m(y). Suppose 0 = a*d - 8 - 1, -5*p = -5*d - 40. What are the prime factors of p?
11
Suppose 0 = 4*b - 2*k - 6, -2*b - 3*k = -6*b + 9. Suppose -2*a + 2 + 4 = b. Suppose x + 76 = a*x. List the prime factors of x.
2, 19
Let j = -1342 + 2685. List the prime factors of j.
17, 79
List the prime factors of 301259/133 + (-22)/209.
3, 5, 151
Let q(f) = -2*f + 6. Let u be q(6). What are the prime factors of ((-126)/(-4))/(-9)*u?
3, 7
Suppose 3*p - 12 = 2*a, p + p - 3*a - 3 = 0. Let d be ((-15)/p + 3)*24. Suppose -4*b + 3*b + d = 0. What are the prime factors of b?
2, 3
Let m(a) = a + 1. Let k be m(4). Suppose 2*o = -2*x + 454, 2*x - 4*x + 1132 = k*o. List the prime factors of o.
2, 113
Let g = -374 + 1176. What are the prime factors of g?
2, 401
Let n = -3978 + 6303. What are the prime factors of n?
3, 5, 31
Suppose 0 = -k + 2*p + 1132, -p = 2*k - 1018 - 1266. Suppose -20*w + 25*w = k. List the prime factors of w.
2, 3, 19
Suppose 3*d = 4*h + 21, -2*d - 3*h - h = 6. Suppose v - 4*p + 21 = -0*v, d*p - 9 = 0. Let f = v - -13. List the prime factors of f.
2
Suppose -9*z = 6*z - 19575. List the prime factors of z.
3, 5, 29
Suppose 0 = 3*l + 4*l - 14. Suppose l*y + 3*y = 135. What are the prime factors of y?
3
Let l(o) = 104*o**3 - o**2 + 2*o**2 - o + 1 - 2*o**2. Let y be l(1). Suppose 85 = 4*q - y. List the prime factors of q.
47
Let j be -6 + (-2)/3*12/8. Let y(p) = -p**3 - 9*p**2 - 19*p - 18. What are the prime factors of y(j)?
17
Suppose -5*b = 0, 4780 = 2*w + 11*b - 7*b. What are the prime factors of w?
2, 5, 239
Let t(n) = n**3 + 18*n**2 - 28*n - 24. Let h be t(-19). Suppose -6*u + 375 = -h. List the prime factors of u.
3, 29
What are the prime factors of (622/3)/((-531)/54 - -10)?
2, 311
Let f = 151 + 121. List the prime factors of f.
2, 17
Let u(c) = 3*c**2 - c - 2. Let i be u(-1). Suppose -3*m + 55 = -i. Suppose 3*w = 4*g + m, 3*w - 3*g = 15 + 6. List the prime factors of w.
3
Suppose -2*b = -6*b + 8. Let q(z) = 8*z - 4*z - 4*z**2 - b*z + 5*z**2 + 8. What are the prime factors of q(-6)?
2
Suppose 0 = 2*k - 34 + 16. Let a(t) = 4*t**2 - 22*t - 3. What are the prime factors of a(k)?
3, 41
Let c(d) = -1 - 13*d + 0 + 5 - 1. Let n be c(-2). List the prime factors of n - 5 - 2/(-1).
2, 13
What are the prime factors of ((-3050)/(-183))/((-2)/(-66 + 0))?
2, 5, 11
Let q(n) = -n**3 + 25*n**2 + 120*n - 17. What are the prime factors of q(28)?
991
Suppose 0 = -4*s + 4*d + 61 + 31, s - 4*d - 26 = 0. Let n = 27 - s. Suppose 4*g + g - 127 = -3*q, n*g - 95 = 5*q. What are the prime factors of g?
23
Let w = 19 + -15. Suppose -178 = -w*j + 2*j. List the prime factors of j.
89
Let l be (9 - 12)/(2/(-8)). Let h be 2/3 - (-760)/l. Let p = h + -29. What are the prime factors of p?
5, 7
Let x(p) = 4*p. Let s(a) = 9*a + 1. Suppose 4*w + o = -2*o - 25, -4*w + 2*o - 10 = 0. Let h(y) = w*s(y) + 7*x(y). List the prime factors of h(-3).
2, 5
Let c(f) = -2*f - 4. Let p be c(4). What are the prime factors of 242/6 + 4/p?
2, 5
Let r = 20 - 14. Suppose 5*w = 5*f - r - 24, 2*f = 5*w + 15. Let x = f - -2. What are the prime factors of x?
7
Let o = -4118 + 8237. What are the prime factors of o?
3, 1373
Let s(g) = 298*g**2 - 5*g + 5. List the prime factors of s(-2).
17, 71
Let i(r) be the second derivative of 1/2*r**2 + 1/6*r**3 + 0 - 7*r + 31/12*r**4. List the prime factors of i(-1).
31
Let x(b) = b**3 + 14*b - 2. Let y be x(-6). Let d = -142 - y. List the prime factors of d.
2, 5
Suppose b - q = 86, -3*q = -b + 77 + 15. Suppose -b = -5*h + 367. List the prime factors of h.
2, 3, 5
Suppose 0 = -z - 3*z - 12, 698 = h + 2*z. What are the prime factors of h?
2, 11
Let t be 85/(-2)*(0 - (-20)/(-25)). Suppose 5*c - 125 = -5*b, t = -b + 2*b + 4*c. What are the prime factors of b?
2, 11
Suppose -5*z + 0*z + 60 = 0. Let g be z/9*12/8. Suppose 3*c + 0*r - 58 = g*r, 5*c = 2*r + 90. What are the prime factors of c?
2
Let m be 4/(-4)*-2*2. Suppose 4*p = -0*p + 2*a, 4*a = -m*p + 24. Suppose -5*b + 105 = p*b. List the prime factors of b.
3, 5
Let c(t) = 2*t**3 - 26*t**2 + 7*t + 10. What are the prime factors of c(13)?
101
Suppose -3*r = -6*r + 6. List the prime factors of ((-1)/r)/(13/(-1586)).
61
Let g(k) = -10*k**3 - 7*k**2 + k + 5. Let w(m) = 30*m**3 + 20*m**2 - 2*m - 14. Let v(d) = -8*g(d) - 3*w(d). What are the prime factors of v(-2)?
2, 5, 7
List the prime factors of 1340/14 - (15 + (-1498)/98).
2, 3
Let f(x) = x**3 + 5*x**2 + 2*x - 1. Let k = 39 - 14. Suppose m + 2*m - p = -9, 0 = 4*m + 3*p + k. List the prime factors of f(m).
7
Let j be ((-3)/(-9))/(4/(-12)). Let g be 4 + 3 + -4 + j. Suppose -220 - 1 = -5*b + 2*l, 2*b - 92 = g*l. What are the prime factors of b?
43
Let t be 3 + (-2 - -2 - 2) + -20. Let p =